inder when h is divided by (-9)/(-2)*w/(-6).
32
Let l = -373 - -379. Suppose 3*g = -l, 7*z + 3*g = 4*z + 111. What is the remainder when 105 is divided by z?
27
Let l be ((-10)/(-8))/(2/40*5). Suppose 159 = 3*n - 3*h, 0*n + l*n - h = 257. Calculate the remainder when n is divided by 4.
3
Suppose -3*m - 4*i + 3790 - 263 = 0, -2*m + 5*i = -2313. Calculate the remainder when m is divided by 65.
64
Suppose -19*m - 28*m = -6862. Let s = m + 44. What is the remainder when s is divided by 50?
40
Suppose -2*d + 1592 = -3*h - 192, 4*d = 5*h + 2972. Let o = h - -608. Calculate the remainder when 441 is divided by o.
9
Let i(y) = 5*y**2 - 10*y - 40. Let g be i(7). Let l = -116 + g. What is the remainder when l is divided by 8?
3
Let w be 4/(-22) + 23136/(-528). Suppose 0*z = z - 8. Calculate the remainder when z is divided by 12/(-66) - 140/w.
2
Let s be 3/((-36)/40*10/132). Calculate the remainder when 172 is divided by (-30)/(-36) + (-10)/12 - s.
40
Let b(r) = -14 - 13 + 7 - 5*r - 30*r. Let i be b(-4). Let m = i - 79. Calculate the remainder when 81 is divided by m.
40
Let l = 305 - 293. Suppose -4 = -4*u - l, 5*n - 83 = -u. What is the remainder when 201 is divided by n?
14
Suppose -908 = -4*i - 4*v, 651 = -7*i + 10*i - 3*v. What is the remainder when i is divided by 59?
45
What is the remainder when 709 is divided by (-29484)/1260*(-25)/3?
124
Suppose -2 = -2*v, -2*q - 12*v + 13 = -7*v. Calculate the remainder when 851 is divided by q.
3
Let m = -260 - -251. Let h(l) = 3*l**2 - 6*l + 6. Calculate the remainder when h(m) is divided by 51.
48
Suppose -p = -4*m + 117, m - p - 3 - 30 = 0. What is the remainder when (-4)/14 - 374372/(-4844) is divided by m?
21
Let t be (-13132)/(-21)*(-24)/(-16). Let z = t + -887. Calculate the remainder when 158 is divided by z.
5
Suppose 4*k - 9135 = -d, k - 1787 = d + 498. Suppose -11*p = 370 - k. Calculate the remainder when p is divided by 8.
6
Suppose -i + 34 = -c, -4 = c - 4*i + 24. What is the remainder when 35 is divided by (40/(-24))/(15/c)?
3
Suppose -246 = 29*l - 94*l + 24064. What is the remainder when l is divided by 361?
13
Let q = 2269 - 828. What is the remainder when q is divided by 3?
1
Let x = -603 + 598. What is the remainder when 36 is divided by 9/(-15)*5*x?
6
Suppose -67 = -5*k - 77, -4*k + 515 = u. Calculate the remainder when u is divided by 87.
1
What is the remainder when 1115 is divided by 169650/1218 + -2*(-10)/28?
135
Suppose 0 = 7*q - 10*q - 3. Let x be q/2*((-85)/(-5) - 5). What is the remainder when 32 is divided by (-11)/(33/x)*14/4?
4
What is the remainder when 9306/705*((-68)/(-12) + 1) is divided by 66?
22
Suppose 5*j - 51 = 79. What is the remainder when ((-42)/(-5))/(819/5460) is divided by j?
4
Let u(x) = 434*x**2 + 7*x - 28. What is the remainder when u(2) is divided by 18?
12
Calculate the remainder when 3807 is divided by 2/37 + (-90504)/(-1332).
67
Suppose -97*u + 101*u = -3*h + 633, -4*h = -12. Calculate the remainder when 168 is divided by u.
12
Let m(l) = 4*l**2 - 5*l - 2*l**2 + 0*l**2 + 10. Let n(b) = -b**3 + 5*b**2 + 17*b - 8. Calculate the remainder when m(9) is divided by n(7).
10
Let c(g) = 8*g**2 + 21*g + 51. Let k be c(-3). Suppose -k*a + 67*a - 385 = 0. Let p = 21 - 14. Calculate the remainder when a is divided by p.
6
Let v(p) = -p**3 + 56*p**2 - 621*p + 20. What is the remainder when v(40) is divided by 62?
36
Let w = 3 + 123. What is the remainder when ((-370)/(-60)*-2 + 15)*90*1 is divided by w?
114
Let v = -26392 + 39495. Calculate the remainder when v is divided by 42.
41
Let s = -18585 + 19213. Calculate the remainder when s is divided by 518.
110
Let i = -3797 - -4182. What is the remainder when 1454 is divided by i?
299
Let l = 77 - -380. Let q = l - 261. Calculate the remainder when q is divided by 50.
46
Suppose 53*a = 1633 + 222. Suppose -2*z + 0*z = 4*l - 6, 5*l = -5*z. What is the remainder when a is divided by 2 - -19 - (z - -1)?
12
Let a(n) = -n**3 - 14*n**2 - 22*n + 23. Let v be a(-12). Let h(u) = 225*u**2 + 2 - 4 - 3*u - 18*u**2. What is the remainder when h(v) is divided by 53?
49
What is the remainder when 1502 is divided by (63/(-42))/((-1)/4*(-12)/(-334))?
166
Let p(q) = q**3 - 4*q**2 + 5*q - 4. Suppose -w - 46 = 5*i + w, 2*i + 30 = 5*w. Let o be -1*i/(-4)*64/(-40). Calculate the remainder when 44 is divided by p(o).
12
Let c be (-33 + 33)/(1 - 0). Suppose c = 5*s - 248 - 272. Calculate the remainder when 414 is divided by s.
102
Let w(d) = 5*d - 1. Let k be w(-1). Suppose -q - 3*v + 80 = 0, 0 = -3*q - 2*q + 3*v + 364. Calculate the remainder when q is divided by 50/k*(-36)/12.
24
Let s be (1*4/(-3))/((-2)/3). What is the remainder when 72 is divided by (1*-1)/(s + (-38)/18)?
0
Let j(d) = -2*d**2 - 20*d - 22. Let v(m) = -m + 2. Let t(z) = -j(z) + 2*v(z). What is the remainder when t(-9) is divided by 16?
10
Let d = -729 - -1205. Suppose -2*n + d = 3*n - 2*k, -2*n + 176 = 4*k. Calculate the remainder when 181 is divided by n.
87
Suppose 2*p = 19*l - 21*l + 2520, -1240 = -l - 5*p. Calculate the remainder when l is divided by 40.
25
Let n = -2 - -6. Suppose 21 + 27 = n*y. Suppose 882027 = -84*h + 887823. Calculate the remainder when h is divided by y.
9
Let s = 96 - 15. Let y = s + -79. Suppose -y*l - 5 = -l, 3*l = -4*t + 29. What is the remainder when 41 is divided by t?
8
Suppose 3*o - 635 = -k, k = 9*o - 11*o + 422. What is the remainder when o is divided by 85?
43
Let n(y) = y**2 - 26*y + 169. What is the remainder when 614 is divided by n(10)?
2
Let u = -20 + 111. Let p be u/14 + 10/(-4). Suppose -39 = -q + p*z, -10 = -q - 2*z + 17. Calculate the remainder when q is divided by 11.
9
Let c = -86 - -50. Let h be (5 - 8/c) + (-2)/9. Suppose -h*r - a + 64 = 0, -3*r = r + a - 51. Calculate the remainder when r is divided by 10.
3
Calculate the remainder when 3170 is divided by (-436)/(-22)*2926/532.
9
Let b be 40/(-60)*75/2. Calculate the remainder when 88 is divided by (-20)/8*120/b.
4
Calculate the remainder when ((-10)/(-8))/((-2550286)/(-85008) - 30) is divided by 89.
85
Let a(k) = 66*k + 579. Calculate the remainder when 1097 is divided by a(-6).
182
Suppose 81*d - 3037 = -202. Calculate the remainder when 78 is divided by d.
8
Let k = 42 + -23. Suppose 11 - 3 = 4*c. Suppose 0 = c*b - 6 - 2. What is the remainder when k is divided by b?
3
Let j = -320 + 566. What is the remainder when j is divided by 12*(-2)/(-8) + 10 + 0?
12
Let n(f) = -19 + 4 + 2*f + 1. Let h be n(7). Suppose -3*y - y + 328 = h. What is the remainder when y is divided by 17?
14
What is the remainder when 9338 is divided by 2 - -7 - (81/12)/(138/(-368))?
23
Let d(t) = -3*t**2 + 5*t + 16. Let y be d(12). Calculate the remainder when (-80)/(-15) - 5 - y/3 is divided by 8.
7
Let w(a) = 20*a**3 - 6*a**2 - 8*a - 3. Let d be w(-2). Let c = d - -210. What is the remainder when c is divided by 22?
17
Suppose 0 = -c - 89 + 103. Calculate the remainder when ((-105)/20)/((-1)/4) is divided by c.
7
Let m(x) = -142*x - 1. Let w(j) = -j**2 + 14*j - 27. Let g be w(8). Calculate the remainder when m(-1) is divided by -1*((-9)/g + 747/(-21)).
33
Let n(j) = 13*j**3 + 2*j**2 - 2*j + 1. Let w be n(1). Let z = w + 20. What is the remainder when z is divided by (57/(-9) - -4)/((-175)/675)?
7
Let i(a) = 31*a**2 - 3*a - 1. What is the remainder when 262 is divided by i(-1)?
31
Calculate the remainder when -29*((-13 - 704/(-56)) + (-242)/7) is divided by 205.
195
Let k(z) = 3*z**2 - 179*z + 128. What is the remainder when 1507 is divided by k(59)?
7
Let r = 4996 + -4996. Let n(s) = 13*s - 1. Let i be n(5). Suppose g = z + 2*g - 16, r = 5*z - 3*g - i. What is the remainder when 27 is divided by z?
13
Suppose -7552 + 1837 = -q. Calculate the remainder when ((-4)/(-6))/(15/q) is divided by 37.
32
Suppose m + 6*i - 9*i - 38 = 0, -5*i = 4*m - 84. Suppose -2*r + k = -17, -4*k - m = -2*r - 0*k. What is the remainder when 22 is divided by r?
1
Suppose 34*k = 80*k - 16928. What is the remainder when k is divided by 123?
122
Let i(n) be the second derivative of n**5/20 - 5*n**4/3 - 5*n**3/2 + 11*n**2 - 20*n. Calculate the remainder when i(21) is divided by 15.
13
Let u = -238 - -243. Suppose 4*m = -4*i + 164, -4 = u*m - 3*m. Calculate the remainder when 168 is divided by i.
39
Let b = -4679 + 4697. Calcul